. Let r be a(-5). What is the greatest common divisor of r and 45?
45
Let r(n) = -n**3 - 26*n**2 - 77*n + 3. Suppose 0 = 5*l - 4*j + 115, 7*j - 5*j = -5*l - 115. Let d be r(l). What is the highest common factor of 17 and d?
17
Let p = -100 - -194. Let f = 95 - p. Calculate the greatest common divisor of f and 10.
1
Let a = 4250 + -932. Suppose -233*z + a = -230*z. What is the highest common divisor of z and 14?
14
Suppose -78*y = -69*y + 477. Let r = -45 - y. What is the greatest common factor of r and 16?
8
Suppose -3*h - 185 = -2*u, -95 = 8*u - 9*u + h. Suppose u - 2956 = -7*m. Calculate the greatest common divisor of m and 34.
34
Let l be ((-119)/(-3) + -1)*(6 + (-138)/(-4)). Calculate the greatest common factor of 58 and l.
58
Let o = 118 + -88. Let t be (o/5)/(-3)*(-74)/4. Suppose 0 = 3*f - 15, 3*a = 4*f - t + 206. What is the greatest common factor of 9 and a?
9
Suppose 5547*r + 306 = 5548*r. What is the greatest common factor of 198 and r?
18
Let k(i) = -6*i - 7. Let w be k(-4). Let d = w + -18. Let y be 2 + d*8*-1. What is the highest common factor of 2 and y?
2
Suppose -3*m - 3 = -0*m. Let n be (3 - (-2)/m)*7. Suppose -5*l = 25, 61*x = 56*x - 5*l + 45. Calculate the highest common divisor of x and n.
7
Let i = 25 - -29. Let m(z) = -401*z + 4037. Let a be m(10). Calculate the highest common divisor of i and a.
27
Suppose -2*t - 10*w + 35 = -11*w, 2*w + 6 = 0. Let b be 298623/248 - 2/t. What is the greatest common factor of b and 28?
28
Suppose -3*y + 3 = 5*p - 10, 0 = -4*p - 4*y + 12. Suppose -h - c + 189 = 0, -917 = -p*h - 3*h + 2*c. Calculate the greatest common divisor of h and 37.
37
Let m(r) = -r**2 - 2*r + 233. Let j be m(13). Calculate the highest common divisor of j and 817.
19
Let g(s) = 98*s + 4. Let d be g(6). Suppose -3*t = 2*l - 110, -560*t = -3*l - 561*t + 123. What is the greatest common divisor of d and l?
37
Let o(j) = 9*j**3 - 50*j**2 + 15*j + 2. Let f be o(8). Suppose -348*k + 338*k + f = 0. What is the highest common divisor of 9 and k?
9
Suppose -18*b = -20339 - 22807. Calculate the highest common factor of b and 51.
51
Let n be (4 + -12 + 3)/(-1 - 0). Let o = 45 + -13. Let s be (o/(-6))/(2/(-15)). Calculate the greatest common factor of n and s.
5
Let a(w) = -15*w + 45. Let y be a(3). Suppose y = -2*q - 3*s + 56 + 224, 2*s = 2*q - 290. What is the greatest common factor of 13 and q?
13
Let q = 16109 - 15851. Calculate the greatest common factor of 8 and q.
2
Let t(a) = 50*a - 28. Let r be t(-3). Let y = r - -518. What is the greatest common factor of 136 and y?
68
Let v(y) = -368*y - 4759. Let r be v(-13). Suppose 0 = 2*x + 4, 3*x - 74 = 3*b - 5*b. Calculate the highest common divisor of r and b.
5
Suppose 4*r + 215 = -3*s, 10*s = 5*s - 5*r - 365. Let w be 0 + -2 + 3 - -3 - s. Let o = -115 + 169. Calculate the highest common factor of o and w.
27
Suppose -8*h + h = -21. Suppose 0 = -h*g + 38 + 16. Let b be -1*(4 - (39 - -1)). Calculate the highest common factor of g and b.
18
Let r be 3086644/506 - 10/115 - 3*-1. What is the highest common factor of r and 17?
17
Suppose 4*c = 5*g + 30, 0 = 4*g + 5*c - 21 + 4. Let z be (-16 - -18)*(-1)/g*13. Calculate the greatest common factor of 377 and z.
13
Suppose 5*a - 1633 = -5*h - 4508, 2*a - 2318 = 4*h. Let t be h/8 - 14/(-56). Let v = 86 + t. Calculate the highest common factor of v and 2.
2
Let a(v) = 29*v**3 - 5*v**2 + 3*v + 1. Let n be a(3). Let m = n + -415. Let z = m - 223. What is the greatest common divisor of z and 20?
10
Suppose -3*h = 110 - 98. Let b be -1 - 4/(-16) - 27/h. Let v(f) = f. Let q be v(6). Calculate the greatest common divisor of b and q.
6
Suppose -2*g - 3*c + 435 = 0, -g + 2*c = 7*c - 207. What is the greatest common factor of g and 18?
6
Suppose 7*u - 295 = 12*u. Let t = u + 66. Let f = -58 + 86. Calculate the greatest common divisor of t and f.
7
Suppose 3 = 3*k - 183. Let m = k - -34. Suppose -24*a = -22*a - 4*j - 32, -2*j = 4. Calculate the greatest common divisor of a and m.
12
Suppose 0 = -6579*d + 6592*d - 2080. What is the highest common factor of 680 and d?
40
Suppose 24*l = -6*l - 71108 + 195548. What is the greatest common divisor of 272 and l?
68
Let l(y) = y**2 + y. Let m(j) = -17*j**2 - 8. Let f(a) = 4*l(a) - m(a). Let n be f(3). Calculate the greatest common divisor of n and 19.
19
Let o = 11966 + -11956. Calculate the greatest common factor of o and 25.
5
Let b(z) = 3*z**3 + 5*z**2 - 2*z. Let y be 4*1 + (-3 - -2). Let t be b(y). Let d be (-600)/10*(-3 + 44/20). Calculate the greatest common factor of t and d.
24
Let p = -175 - -170. Let w be ((8 + 88)/8)/((-2)/p). Calculate the greatest common divisor of 160 and w.
10
Let d = 15 - 1. Suppose 512*t + 2128 = 531*t. Calculate the highest common divisor of t and d.
14
Let n be (-8)/12 - 748/(-6). Let h = 6 + -7. Let t be (-14)/28 + 122/4 - h. Calculate the greatest common factor of t and n.
31
Let z(a) = -a**2 - 3*a + 98. Let v be z(8). Calculate the highest common factor of v and 5500.
10
Let p(i) = -i**2 + 40*i + 784. Let h be p(-14). Suppose -3*s + 63 = 3*c, s = 4*c - 0*s - 79. Let b = 90 - c. Calculate the greatest common divisor of b and h.
14
Suppose 0 = -0*u + 3*u + 5*c - 78, -4*c = -3*u + 78. What is the greatest common divisor of 5993 and u?
13
Let t be 50/(-4)*(0 + 12/(-15)). Suppose 0 = -9*y + 8 + t. Let s = -45 - -50. Calculate the highest common factor of s and y.
1
Let u(g) = -7*g + 26. Let j be u(-2). Let z = -57 + 62. Calculate the greatest common divisor of z and j.
5
Let f = -2876 + 2918. Calculate the greatest common factor of 3801 and f.
21
Suppose 0 = 4*y + 2*q - 32046, -4*y + 50205 = -2*q + 18171. What is the highest common factor of 60 and y?
30
Let s = -402 - -366. Let g = s + 619. Calculate the highest common divisor of g and 11.
11
Let c = 1608 - 1596. Calculate the highest common divisor of 4044 and c.
12
Suppose -2*u = -75 + 9. Suppose u + 75 = 9*q. Calculate the highest common divisor of q and 60.
12
Let d be (3920/(-420))/(8/(-738)). Calculate the greatest common divisor of d and 147.
21
Suppose -3*m = 2*m + 2210. Let d = -405 - m. What is the highest common factor of d and 259?
37
Suppose -20*f + 1710 + 3152 = -9*f. Calculate the highest common factor of 9061 and f.
221
Let n(u) = -8*u + 64. Let k be n(10). Let c be (-54)/(-4) + 8/k. Let i = 53 - 14. Calculate the greatest common factor of c and i.
13
Suppose 0 = 7*m + 35, -49*u + 48*u + 215 = -5*m. What is the highest common divisor of 304 and u?
38
Suppose -1058418 = 622*j - 3557614. What is the highest common divisor of j and 82?
82
Let d(j) = 3*j**3 - 11*j**2 + 21*j - 13. Let z be d(5). Calculate the highest common divisor of z and 8000.
64
Let j = 57 - 27. Let l = 33 - j. Suppose -2*k = 4*n - 14, -3*k + 27 = 7*n - l*n. Calculate the highest common factor of 117 and k.
13
Let g = -358 - -362. Let t(r) = -r**3 + 8*r**2 - 10*r + 39. Let y be t(g). Calculate the greatest common divisor of y and 21.
21
Let w be 1 - (2 - 15) - -148. What is the highest common factor of 78 and w?
6
Suppose 3*j - 555 = -2*j - 4*q, -5*j = -5*q - 510. Suppose j + 21 = 4*a. Let l = a - -28. What is the greatest common factor of l and 15?
15
Let z be (-8)/3*3 + 63. Calculate the greatest common divisor of z and 1705.
55
Suppose 3*r - 80868 = 4*b, 4*r + 264*b - 266*b = 107834. What is the highest common factor of 10 and r?
10
Suppose -4*a + j = -300, -2*a - j - 3*j + 150 = 0. Let c = -1672 - -1722. What is the highest common divisor of c and a?
25
Let s(f) = f**3 + 9*f**2 - f + 21. Let q be s(3). Let d = -32 - -46. Calculate the highest common factor of d and q.
14
Let c(w) = 3*w**2 + 14*w - 40. Let d be c(3). Suppose -21*l = -d*l + 8480. Calculate the greatest common divisor of l and 53.
53
Suppose 4*n = 3*x + 3504, -41*x + 1724 = 2*n - 46*x. Calculate the greatest common factor of n and 105.
21
Let m be 4788/36 - ((-8)/(-2) - 9). What is the greatest common factor of 92 and m?
46
Let j(m) = m**3 + 12*m**2 + 13*m + 34. Suppose 35 = -4*h - 4*d - 13, -38 = 3*h + 5*d. Let w be j(h). What is the greatest common divisor of w and 8?
4
Suppose 0 = -4*g + g + 5*q + 147, 0 = -2*g - 4*q + 98. Suppose -17 + g = s. Let l be (-2990)/(-390) - 2/(-6). Calculate the highest common divisor of l and s.
8
Let j(c) = 77*c - 5303. Let h be j(85